 154.
154
What is the greatest common factor of 354408 and 48?
24
Calculate the highest common factor of 33462 and 495.
99
What is the greatest common factor of 1106 and 12482?
158
Calculate the greatest common divisor of 40631 and 41.
41
Calculate the highest common divisor of 3614427 and 57.
57
Calculate the greatest common factor of 5117 and 91375.
731
What is the highest common divisor of 246 and 431607?
123
Calculate the highest common divisor of 22873 and 24564.
89
Calculate the highest common factor of 901 and 5713241.
901
What is the greatest common factor of 16 and 4145392?
16
What is the highest common factor of 174 and 4119798?
174
What is the highest common factor of 3220 and 525665?
805
What is the highest common factor of 12299690 and 130?
130
Calculate the greatest common divisor of 558 and 219666.
186
Calculate the highest common factor of 364 and 9204.
52
What is the greatest common factor of 39336 and 1320?
264
Calculate the highest common divisor of 89 and 48683.
89
What is the highest common divisor of 55215 and 2863?
409
What is the highest common factor of 2294754 and 616?
154
Calculate the greatest common factor of 324 and 27297.
81
Calculate the highest common divisor of 4828 and 9514.
142
What is the greatest common divisor of 99 and 1683154?
11
Calculate the highest common divisor of 48580 and 420.
140
What is the highest common divisor of 28832 and 224349?
901
What is the highest common factor of 2022 and 1005?
3
What is the highest common divisor of 4147 and 11506?
11
What is the highest common divisor of 14465 and 643035?
1315
What is the highest common factor of 122008 and 101?
101
Calculate the highest common divisor of 93 and 30194.
31
Calculate the greatest common factor of 780 and 5985.
15
What is the highest common divisor of 25 and 26890?
5
Calculate the highest common factor of 20679 and 6441.
339
What is the greatest common factor of 14340 and 125?
5
Calculate the highest common factor of 12874 and 31714.
314
Calculate the highest common divisor of 3773 and 18522.
343
What is the highest common factor of 967866 and 24?
6
What is the greatest common divisor of 19877 and 793?
13
Calculate the greatest common divisor of 2488432 and 248.
248
Calculate the greatest common factor of 1506 and 720.
6
Calculate the greatest common divisor of 1250 and 84480.
10
What is the greatest common factor of 440 and 1686520?
440
Calculate the highest common divisor of 1040551 and 37.
37
Calculate the greatest common factor of 281 and 732286.
281
What is the highest common divisor of 424200 and 400?
200
What is the greatest common factor of 5733 and 48321?
819
What is the highest common factor of 1578 and 24?
6
What is the greatest common factor of 4480 and 92?
4
What is the greatest common divisor of 1617 and 660?
33
Calculate the highest common divisor of 1014 and 208.
26
Calculate the greatest common divisor of 721 and 4223.
103
Calculate the greatest common factor of 59828 and 192.
4
Calculate the greatest common factor of 91 and 7085.
13
Calculate the highest common divisor of 9324 and 48024.
36
Calculate the greatest common factor of 102 and 394604.
34
What is the highest common divisor of 1299056 and 726?
242
Calculate the greatest common divisor of 125 and 153250.
125
Calculate the highest common divisor of 5060 and 1760.
220
Calculate the highest common factor of 416 and 97032.
104
Calculate the highest common divisor of 204 and 79424.
68
What is the greatest common divisor of 28957 and 46?
23
What is the highest common divisor of 136 and 8993?
17
What is the greatest common factor of 19170 and 7020?
270
Calculate the highest common divisor of 17679 and 17181.
249
Calculate the greatest common divisor of 294 and 10447878.
294
What is the greatest common factor of 112 and 9008?
16
What is the highest common divisor of 408154 and 356?
178
What is the greatest common factor of 510 and 5437110?
510
Calculate the greatest common factor of 10481 and 21185.
223
Calculate the highest common factor of 140796 and 1107.
9
Calculate the highest common factor of 2900058 and 406.
406
Calculate the greatest common divisor of 2806 and 22814.
122
What is the greatest common factor of 65079 and 273?
21
Calculate the greatest common factor of 2958784 and 166.
166
What is the highest common divisor of 5335 and 15520?
485
What is the greatest common divisor of 2301 and 528463?
767
What is the highest common divisor of 1679936 and 256?
64
Calculate the highest common factor of 10800 and 4332.
12
What is the greatest common factor of 82 and 863378?
82
Calculate the highest common factor of 11 and 126533.
11
Calculate the greatest common factor of 808 and 41713.
101
Calculate the greatest common factor of 13137 and 15.
3
What is the greatest common factor of 621950 and 350?
350
What is the greatest common divisor of 212996 and 56?
28
Calculate the highest common factor of 4017569 and 1805.
361
Calculate the highest common divisor of 435 and 663926.
29
Calculate the highest common divisor of 146559 and 147.
147
Calculate the greatest common divisor of 26 and 751.
1
Calculate the greatest common divisor of 43232 and 25669.
1351
What is the highest common factor of 31246 and 272?
34
Calculate the highest common factor of 3057 and 6.
3
What is the highest common divisor of 162 and 512568?
162
Calculate the highest common divisor of 855 and 47785.
95
What is the highest common factor of 10 and 21790?
10
What is the highest common divisor of 7018 and 253?
11
What is the greatest common factor of 2496 and 20416?
64
What is the greatest common factor of 356016 and 48?
48
Calculate the highest common divisor of 513 and 12711.
57
What is the highest common divisor of 294742 and 666?
74
Calculate the greatest common divisor of 682 and 4070.
22
What is the highest common factor of 101967 and 615?
123
Calculate the highest common divisor of 3136 and 6958.
98
Calculate the greatest common factor of 182 and 13598.
26
What is the highest common factor of 647212 and 18279?
677
Calculate the highest common factor of 2928580 and 2896.
724
Calculate the highest common factor of 24 and 6540216.
24
What is the highest common factor of 47794 and 1702?
46
What is the greatest common factor of 50448 and 348?
12
Calculate the greatest common divisor of 12562 and 12320.
22
What is the greatest common factor of 7059 and 156?
39
What is the greatest common divisor of 4589 and 2899?
13
Calculate the highest common factor of 51872 and 8.
8
What is the greatest common divisor of 7 and 23527?
7
Calculate the greatest common factor of 11603 and 187063.
283
What is the greatest common divisor of 1130914 and 53?
53
What is the greatest common factor of 6846 and 175?
7
What is the greatest common divisor of 357 and 413151?
51
What is the greatest common divisor of 68317 and 106?
53
Calculate the greatest common divisor of 1376 and 424224.
32
Calculate the greatest common divisor of 1125 and 3204.
9
Calculate the highest common factor of 447768 and 486.
162
What is the highest common factor of 81 and 63153?
27
What is the greatest common factor of 109071 and 45?
9
Calculate the greatest common factor of 333 and 217449.
333
What is the greatest common factor of 513688 and 56?
56
What is the highest common divisor of 16 and 17048?
8
What is the highest common factor of 14788 and 908?
4
What is the greatest common divisor of 26164 and 8?
4
Calculate the greatest common factor of 64 and 1167104.
64
What is the highest common divisor of 73 and 25663515?
73
Calculate the highest common divisor of 49400 and 32.
8
What is the greatest common factor of 8160193 and 23?
23
Calculate the greatest common divisor of 1915 and 115.
5
What is the highest common divisor of 3010 and 2170?
70
What is the highest common factor of 209936 and 32?
16
What is the greatest common factor of 106 and 620842?
106
Calculate the highest common factor of 652 and 8968423.
163
What is the highest common factor of 6224 and 120?
8
Calculate the highest common divisor of 32617 and 6253.
169
Calculate the greatest common factor of 485487 and 27.
27
What is the highest common factor of 2016 and 969444?
252
What is the highest common divisor of 318 and 10794?
6
Calculate the greatest common factor of 200310 and 11